{"id":3,"date":"2024-04-24T09:44:33","date_gmt":"2024-04-24T07:44:33","guid":{"rendered":"https:\/\/www.business-academy.hu\/?page_id=3"},"modified":"2024-06-12T13:50:20","modified_gmt":"2024-06-12T11:50:20","slug":"adatkezelesi-tajekoztato","status":"publish","type":"page","link":"https:\/\/www.business-academy.hu\/en\/adatkezelesi-tajekoztato\/","title":{"rendered":"Privacy Policy"},"content":{"rendered":"<div class=\"wp-block-uagb-container uagb-block-18c8eff7 alignfull uagb-is-root-container\"><div class=\"uagb-container-inner-blocks-wrap\">\n<h2 class=\"wp-block-heading\" style=\"margin-top:var(--wp--preset--spacing--xxx-small);margin-bottom:var(--wp--preset--spacing--xxx-small)\">Who we are<\/h2>\n\n\n\n<h5 class=\"wp-block-heading\" style=\"margin-top:var(--wp--preset--spacing--xx-small);margin-bottom:var(--wp--preset--spacing--xx-small)\">Details<\/h5>\n\n\n\n<ul class=\"wp-block-list\" style=\"margin-top:0;margin-bottom:var(--wp--preset--spacing--xx-small)\">\n<li><strong>Name:<\/strong> \u00dczleti Akad\u00e9mia Alap\u00edtv\u00e1ny<\/li>\n\n\n\n<li><strong>Address:<\/strong> 1036 Budapest, B\u00e9csi \u00fat 85. fszt. 5.<\/li>\n\n\n\n<li><strong>Homepage:<\/strong> <a href=\"https:\/\/www.business-academy.hu\/en\/\">https:\/\/www.business-academy.hu<\/a>.<\/li>\n<\/ul>\n\n\n\n<h5 class=\"wp-block-heading\" style=\"margin-top:var(--wp--preset--spacing--xx-small);margin-bottom:var(--wp--preset--spacing--xx-small)\">Goals and Activity<\/h5>\n\n\n\n<p style=\"margin-top:0;margin-bottom:var(--wp--preset--spacing--x-small)\">The Foundation supports the development of higher commercial education, and carries out academic research, teaching and publishing activities.<\/p>\n\n\n\n<h5 class=\"wp-block-heading\" style=\"margin-top:var(--wp--preset--spacing--xx-small);margin-bottom:var(--wp--preset--spacing--xx-small)\">Operation and publicity<\/h5>\n\n\n\n<p style=\"margin-top:0;margin-bottom:var(--wp--preset--spacing--x-small)\">The Foundation's activities are public. The annual accounts and public benefit report are available for inspection.<br>The Trustee is Dr. L\u00e1szl\u00f3 Koz\u00e1r, who manages the Foundation's assets and directs its operations.<\/p>\n\n\n\n<h5 class=\"wp-block-heading\" style=\"margin-top:var(--wp--preset--spacing--xx-small);margin-bottom:var(--wp--preset--spacing--xx-small)\">Conflict of Interest<\/h5>\n\n\n\n<p style=\"margin-top:0;margin-bottom:var(--wp--preset--spacing--x-small)\">Only persons with no criminal record and who are capable of acting may be executive officers.<\/p>\n\n\n\n<h5 class=\"wp-block-heading\" style=\"margin-top:var(--wp--preset--spacing--xx-small);margin-bottom:var(--wp--preset--spacing--xx-small)\">Dissolution<\/h5>\n\n\n\n<p style=\"margin-top:0;margin-bottom:var(--wp--preset--spacing--x-small)\">In the event of dissolution of the Foundation, the assets shall be used to support a foundation with a similar purpose.<br>For further information, please contact us at our official contact details.<\/p>\n\n\n\n<h2 class=\"wp-block-heading\" style=\"margin-top:var(--wp--preset--spacing--xxx-small);margin-bottom:var(--wp--preset--spacing--xxx-small)\">Comments<\/h2>\n\n\n\n<p style=\"margin-top:0;margin-bottom:var(--wp--preset--spacing--x-small)\">When you submit a comment, in addition to the information provided in the comment form, the commenter's IP address and browser ID string are collected to filter out unsolicited content.<\/p>\n\n\n\n<p style=\"margin-top:0;margin-bottom:var(--wp--preset--spacing--x-small)\">An impersonalized string generated from your email address (commonly called a hash) is sent to the Gravatar service if it is used on the site. The terms and conditions of the Gravatar service can be found at https:\/\/automattic.com\/privacy\/. Once a post is accepted, the content of our post and our profile picture will be publicly displayed.<\/p>\n\n\n\n<h2 class=\"wp-block-heading\" style=\"margin-top:var(--wp--preset--spacing--xxx-small);margin-bottom:var(--wp--preset--spacing--xxx-small)\">Media<\/h2>\n\n\n\n<p style=\"margin-top:0;margin-bottom:var(--wp--preset--spacing--x-small)\">Amennyiben regisztr\u00e1lt felhaszn\u00e1l\u00f3 t\u00f6lt fel k\u00e9pet a honlapra, ker\u00fclni kell az az olyan EXIF-eket, amelyekben GPS poz\u00edci\u00f3 adatok is szerepelnek. A honlap l\u00e1togat\u00f3i ezeket let\u00f6lthetik \u00e9s kinyerhetik a helyadatokat a honlapon tal\u00e1lhat\u00f3 k\u00e9pekb\u0151l.<\/p>\n\n\n\n<h2 class=\"wp-block-heading\" style=\"margin-top:var(--wp--preset--spacing--xxx-small);margin-bottom:var(--wp--preset--spacing--xxx-small)\">Cookies<\/h2>\n\n\n\n<p style=\"margin-top:0;margin-bottom:var(--wp--preset--spacing--x-small)\">When you post a comment on the website, the name, email and website address you provide are stored in cookies. This storage is for your convenience so that you do not have to fill in these fields the next time you post. Cookies expire after one year.<\/p>\n\n\n\n<p style=\"margin-top:0;margin-bottom:var(--wp--preset--spacing--x-small)\">When you visit the login page, we set temporary cookies to determine whether your browser accepts cookies. These cookies contain no personal information and are deleted as soon as we close the browser.<\/p>\n\n\n\n<p style=\"margin-top:0;margin-bottom:var(--wp--preset--spacing--x-small)\">When you log in to the website, we create a number of cookies that save your login information and the display options for the editor interface. The login cookies are valid for two days, the cookie storing the editor interface display options is valid for one year. If the \"Remember me\" option is checked, the login will continue for two weeks. When you log out, the login cookies are removed.<\/p>\n\n\n\n<p style=\"margin-top:0;margin-bottom:var(--wp--preset--spacing--x-small)\">If we edit a post or page, another cookie is stored by our browser. This cookie does not contain any personal data, it simply stores the ID number of the post we have edited. These sites may collect data about visitors, use cookies or third-party tracking code, monitor user behaviour in relation to embedded content if we have an account and are logged in to the site.<\/p>\n\n\n\n<h5 class=\"wp-block-heading\" style=\"margin-top:var(--wp--preset--spacing--xx-small);margin-bottom:var(--wp--preset--spacing--xx-small)\">Google reCAPTCHA<\/h5>\n\n\n\n<p style=\"margin-top:0;margin-bottom:var(--wp--preset--spacing--x-small)\">We use Google reCAPTCHA, a service provided by Google LLC, to ensure that interactions on our website are performed by humans and not automated bots. This service may collect information about the user's hardware and software, including device and application data, and send this data to Google for analysis. The data collected includes:<\/p>\n\n\n\n<ul class=\"wp-block-list\" style=\"margin-top:0;margin-bottom:var(--wp--preset--spacing--x-small)\">\n<li>User IP address<\/li>\n\n\n\n<li style=\"margin-top:0;margin-bottom:0\">Date and time of the interaction<\/li>\n\n\n\n<li>User's browser and operating system information<\/li>\n\n\n\n<li>Mouse movements and clicks on the page<\/li>\n\n\n\n<li>Cookies placed by Google reCAPTCHA<\/li>\n<\/ul>\n\n\n\n<p style=\"margin-top:0;margin-bottom:var(--wp--preset--spacing--x-small)\">The use of Google reCAPTCHA is subject to the Google Privacy Policy and Terms of Service. For more information, please visit <a href=\"https:\/\/policies.google.com\/privacy\" target=\"_blank\" rel=\"noopener noreferrer nofollow\">Google's Privacy Policy<\/a> and <a href=\"https:\/\/policies.google.com\/terms\" data-type=\"link\" data-id=\"https:\/\/policies.google.com\/terms\" target=\"_blank\" rel=\"noopener noreferrer nofollow\">Google's Terms of Service<\/a>.<\/p>\n\n\n\n<p style=\"margin-top:0;margin-bottom:var(--wp--preset--spacing--x-small)\">By using our website, you consent to the use of cookies and the collection of data by Google reCAPTCHA as described above.<\/p>\n\n\n\n<h2 class=\"wp-block-heading\" style=\"margin-top:var(--wp--preset--spacing--xxx-small);margin-bottom:var(--wp--preset--spacing--xxx-small)\">Embedded content from other websites<\/h2>\n\n\n\n<p style=\"margin-top:0;margin-bottom:var(--wp--preset--spacing--x-small)\">Entries on this website may use embedded content (e.g. videos, images, articles, etc.) from external sources. Embedded content from external sources behaves exactly as if you had visited another website.<\/p>\n\n\n\n<p style=\"margin-top:0;margin-bottom:var(--wp--preset--spacing--x-small)\">These sites may collect data about visitors, use cookies or third-party tracking code, monitor user behaviour in relation to embedded content if we have an account and are logged in to the site.<\/p>\n\n\n\n<h2 class=\"wp-block-heading\" style=\"margin-top:var(--wp--preset--spacing--xxx-small);margin-bottom:var(--wp--preset--spacing--xxx-small)\">Who we share user data with<\/h2>\n\n\n\n<p style=\"margin-top:0;margin-bottom:var(--wp--preset--spacing--x-small)\">If you request a password reset, your IP address will be included in the reset email.<\/p>\n\n\n\n<h2 class=\"wp-block-heading\" style=\"margin-top:var(--wp--preset--spacing--xxx-small);margin-bottom:var(--wp--preset--spacing--xxx-small)\">How long we keep your personal data<\/h2>\n\n\n\n<p style=\"margin-top:0;margin-bottom:var(--wp--preset--spacing--x-small)\">When you post a comment, the comment and its metadata remain in the system for an indefinite period of time. This is to ensure that all subsequent posts are known and approved by us, i.e. they are not added to the list of posts to be moderated.<\/p>\n\n\n\n<p style=\"margin-top:0;margin-bottom:var(--wp--preset--spacing--x-small)\">Personal data of users registered on the website (if any) will also be stored in their user profile. All users can view, edit or delete their personal information at any time (except that they cannot change their own username). Website administrators can also view and edit this information.<\/p>\n\n\n\n<h2 class=\"wp-block-heading\" style=\"margin-top:var(--wp--preset--spacing--xxx-small);margin-bottom:var(--wp--preset--spacing--xxx-small)\">What rights do users have in relation to their own data?<\/h2>\n\n\n\n<p style=\"margin-top:0;margin-bottom:var(--wp--preset--spacing--x-small)\">When registering an account or posting a comment on the website, you may be asked to send us your personal data in an export file containing any data that you have previously provided to us. You may also request that any personal data previously provided by you be deleted. This does not apply to data that we are obliged to keep for administrative, legal or security reasons.<\/p>\n\n\n\n<h2 class=\"wp-block-heading\" style=\"margin-top:var(--wp--preset--spacing--xxx-small);margin-bottom:var(--wp--preset--spacing--xxx-small)\">Where is the data sent to?<\/h2>\n\n\n\n<p style=\"margin-top:0;margin-bottom:var(--wp--preset--spacing--x-small)\">Posts and data submitted by visitors may be checked by automated spam filtering services, including Google reCAPTCHA. <a href=\"https:\/\/www.google.com\/recaptcha\/about\/\" target=\"_blank\" rel=\"noopener noreferrer nofollow\">Google reCAPTCHA<\/a> ellen\u0151rizhetik.<\/p>\n<\/div><\/div>","protected":false},"excerpt":{"rendered":"<p>Kik vagyunk Alap\u00edtv\u00e1nyunk adatai C\u00e9lok \u00e9s tev\u00e9kenys\u00e9gek Az alap\u00edtv\u00e1ny t\u00e1mogatja a fels\u0151fok\u00fa kereskedelmi oktat\u00e1s fejleszt\u00e9s\u00e9t, valamint tudom\u00e1nyos kutat\u00e1st, oktat\u00e1st \u00e9s kiad\u00f3i tev\u00e9kenys\u00e9get v\u00e9gez. M\u0171k\u00f6d\u00e9s \u00e9s nyilv\u00e1noss\u00e1g Az alap\u00edtv\u00e1ny m\u0171k\u00f6d\u00e9se nyilv\u00e1nos. Az \u00e9ves besz\u00e1mol\u00f3 \u00e9s k\u00f6zhaszn\u00fas\u00e1gi jelent\u00e9s megtekinthet\u0151.A Kur\u00e1tor: Dr. Koz\u00e1r L\u00e1szl\u00f3, aki az alap\u00edtv\u00e1ny vagyon\u00e1t kezeli \u00e9s a m\u0171k\u00f6d\u00e9s\u00e9t ir\u00e1ny\u00edtja. \u00d6sszef\u00e9rhetetlens\u00e9g Vezet\u0151 tiszts\u00e9gvisel\u0151 csak b\u00fcntetlen [&hellip;]<\/p>","protected":false},"author":1,"featured_media":0,"parent":0,"menu_order":0,"comment_status":"closed","ping_status":"open","template":"","meta":{"_uag_custom_page_level_css":"","_swt_meta_header_display":false,"_swt_meta_footer_display":false,"_swt_meta_site_title_display":false,"_swt_meta_sticky_header":false,"_swt_meta_transparent_header":false,"iawp_total_views":28,"footnotes":""},"class_list":["post-3","page","type-page","status-publish","hentry"],"uagb_featured_image_src":{"full":false,"thumbnail":false,"medium":false,"medium_large":false,"large":false,"1536x1536":false,"2048x2048":false,"trp-custom-language-flag":false},"uagb_author_info":{"display_name":"kozart69","author_link":"https:\/\/www.business-academy.hu\/en\/author\/kozart69\/"},"uagb_comment_info":0,"uagb_excerpt":"Kik vagyunk Alap\u00edtv\u00e1nyunk adatai C\u00e9lok \u00e9s tev\u00e9kenys\u00e9gek Az alap\u00edtv\u00e1ny t\u00e1mogatja a fels\u0151fok\u00fa kereskedelmi oktat\u00e1s fejleszt\u00e9s\u00e9t, valamint tudom\u00e1nyos kutat\u00e1st, oktat\u00e1st \u00e9s kiad\u00f3i tev\u00e9kenys\u00e9get v\u00e9gez. M\u0171k\u00f6d\u00e9s \u00e9s nyilv\u00e1noss\u00e1g Az alap\u00edtv\u00e1ny m\u0171k\u00f6d\u00e9se nyilv\u00e1nos. Az \u00e9ves besz\u00e1mol\u00f3 \u00e9s k\u00f6zhaszn\u00fas\u00e1gi jelent\u00e9s megtekinthet\u0151.A Kur\u00e1tor: Dr. Koz\u00e1r L\u00e1szl\u00f3, aki az alap\u00edtv\u00e1ny vagyon\u00e1t kezeli \u00e9s a m\u0171k\u00f6d\u00e9s\u00e9t ir\u00e1ny\u00edtja. \u00d6sszef\u00e9rhetetlens\u00e9g Vezet\u0151 tiszts\u00e9gvisel\u0151 csak b\u00fcntetlen&hellip;","_links":{"self":[{"href":"https:\/\/www.business-academy.hu\/en\/wp-json\/wp\/v2\/pages\/3"}],"collection":[{"href":"https:\/\/www.business-academy.hu\/en\/wp-json\/wp\/v2\/pages"}],"about":[{"href":"https:\/\/www.business-academy.hu\/en\/wp-json\/wp\/v2\/types\/page"}],"author":[{"embeddable":true,"href":"https:\/\/www.business-academy.hu\/en\/wp-json\/wp\/v2\/users\/1"}],"replies":[{"embeddable":true,"href":"https:\/\/www.business-academy.hu\/en\/wp-json\/wp\/v2\/comments?post=3"}],"version-history":[{"count":6,"href":"https:\/\/www.business-academy.hu\/en\/wp-json\/wp\/v2\/pages\/3\/revisions"}],"predecessor-version":[{"id":860,"href":"https:\/\/www.business-academy.hu\/en\/wp-json\/wp\/v2\/pages\/3\/revisions\/860"}],"wp:attachment":[{"href":"https:\/\/www.business-academy.hu\/en\/wp-json\/wp\/v2\/media?parent=3"}],"curies":[{"name":"wp","href":"https:\/\/api.w.org\/{rel}","templated":true}]}}

<div class="wp-block-uagb-container uagb-block-18c8eff7 alignfull uagb-is-root-container"><div class="uagb-container-inner-blocks-wrap">
<h2 class="wp-block-heading" style="margin-top:var(--wp--preset--spacing--xxx-small);margin-bottom:var(--wp--preset--spacing--xxx-small)">Who we are</h2>



<h5 class="wp-block-heading" style="margin-top:var(--wp--preset--spacing--xx-small);margin-bottom:var(--wp--preset--spacing--xx-small)">Details</h5>



<ul class="wp-block-list" style="margin-top:0;margin-bottom:var(--wp--preset--spacing--xx-small)">
<li><strong>Name:</strong> Üzleti Akadémia Alapítvány</li>



<li><strong>Address:</strong> 1036 Budapest, Bécsi út 85. fszt. 5.</li>



<li><strong>Homepage:</strong> <a href="https://www.business-academy.hu/en/">https://www.business-academy.hu</a>.</li>
</ul>



<h5 class="wp-block-heading" style="margin-top:var(--wp--preset--spacing--xx-small);margin-bottom:var(--wp--preset--spacing--xx-small)">Goals and Activity</h5>



<p style="margin-top:0;margin-bottom:var(--wp--preset--spacing--x-small)">The Foundation supports the development of higher commercial education, and carries out academic research, teaching and publishing activities.</p>



<h5 class="wp-block-heading" style="margin-top:var(--wp--preset--spacing--xx-small);margin-bottom:var(--wp--preset--spacing--xx-small)">Operation and publicity</h5>



<p style="margin-top:0;margin-bottom:var(--wp--preset--spacing--x-small)">The Foundation's activities are public. The annual accounts and public benefit report are available for inspection.<br>The Trustee is Dr. László Kozár, who manages the Foundation's assets and directs its operations.</p>



<h5 class="wp-block-heading" style="margin-top:var(--wp--preset--spacing--xx-small);margin-bottom:var(--wp--preset--spacing--xx-small)">Conflict of Interest</h5>



<p style="margin-top:0;margin-bottom:var(--wp--preset--spacing--x-small)">Only persons with no criminal record and who are capable of acting may be executive officers.</p>



<h5 class="wp-block-heading" style="margin-top:var(--wp--preset--spacing--xx-small);margin-bottom:var(--wp--preset--spacing--xx-small)">Dissolution</h5>



<p style="margin-top:0;margin-bottom:var(--wp--preset--spacing--x-small)">In the event of dissolution of the Foundation, the assets shall be used to support a foundation with a similar purpose.<br>For further information, please contact us at our official contact details.</p>



<h2 class="wp-block-heading" style="margin-top:var(--wp--preset--spacing--xxx-small);margin-bottom:var(--wp--preset--spacing--xxx-small)">Comments</h2>



<p style="margin-top:0;margin-bottom:var(--wp--preset--spacing--x-small)">When you submit a comment, in addition to the information provided in the comment form, the commenter's IP address and browser ID string are collected to filter out unsolicited content.</p>



<p style="margin-top:0;margin-bottom:var(--wp--preset--spacing--x-small)">An impersonalized string generated from your email address (commonly called a hash) is sent to the Gravatar service if it is used on the site. The terms and conditions of the Gravatar service can be found at https://automattic.com/privacy/. Once a post is accepted, the content of our post and our profile picture will be publicly displayed.</p>



<h2 class="wp-block-heading" style="margin-top:var(--wp--preset--spacing--xxx-small);margin-bottom:var(--wp--preset--spacing--xxx-small)">Media</h2>



<p style="margin-top:0;margin-bottom:var(--wp--preset--spacing--x-small)">Amennyiben regisztrált felhasználó tölt fel képet a honlapra, kerülni kell az az olyan EXIF-eket, amelyekben GPS pozíció adatok is szerepelnek. A honlap látogatói ezeket letölthetik és kinyerhetik a helyadatokat a honlapon található képekből.</p>



<h2 class="wp-block-heading" style="margin-top:var(--wp--preset--spacing--xxx-small);margin-bottom:var(--wp--preset--spacing--xxx-small)">Cookies</h2>



<p style="margin-top:0;margin-bottom:var(--wp--preset--spacing--x-small)">When you post a comment on the website, the name, email and website address you provide are stored in cookies. This storage is for your convenience so that you do not have to fill in these fields the next time you post. Cookies expire after one year.</p>



<p style="margin-top:0;margin-bottom:var(--wp--preset--spacing--x-small)">When you visit the login page, we set temporary cookies to determine whether your browser accepts cookies. These cookies contain no personal information and are deleted as soon as we close the browser.</p>



<p style="margin-top:0;margin-bottom:var(--wp--preset--spacing--x-small)">When you log in to the website, we create a number of cookies that save your login information and the display options for the editor interface. The login cookies are valid for two days, the cookie storing the editor interface display options is valid for one year. If the "Remember me" option is checked, the login will continue for two weeks. When you log out, the login cookies are removed.</p>



<p style="margin-top:0;margin-bottom:var(--wp--preset--spacing--x-small)">If we edit a post or page, another cookie is stored by our browser. This cookie does not contain any personal data, it simply stores the ID number of the post we have edited. These sites may collect data about visitors, use cookies or third-party tracking code, monitor user behaviour in relation to embedded content if we have an account and are logged in to the site.</p>



<h5 class="wp-block-heading" style="margin-top:var(--wp--preset--spacing--xx-small);margin-bottom:var(--wp--preset--spacing--xx-small)">Google reCAPTCHA</h5>



<p style="margin-top:0;margin-bottom:var(--wp--preset--spacing--x-small)">We use Google reCAPTCHA, a service provided by Google LLC, to ensure that interactions on our website are performed by humans and not automated bots. This service may collect information about the user's hardware and software, including device and application data, and send this data to Google for analysis. The data collected includes:</p>



<ul class="wp-block-list" style="margin-top:0;margin-bottom:var(--wp--preset--spacing--x-small)">
<li>User IP address</li>



<li style="margin-top:0;margin-bottom:0">Date and time of the interaction</li>



<li>User's browser and operating system information</li>



<li>Mouse movements and clicks on the page</li>



<li>Cookies placed by Google reCAPTCHA</li>
</ul>



<p style="margin-top:0;margin-bottom:var(--wp--preset--spacing--x-small)">The use of Google reCAPTCHA is subject to the Google Privacy Policy and Terms of Service. For more information, please visit <a href="https://policies.google.com/privacy" target="_blank" rel="noopener noreferrer nofollow">Google's Privacy Policy</a> and <a href="https://policies.google.com/terms" data-type="link" data-id="https://policies.google.com/terms" target="_blank" rel="noopener noreferrer nofollow">Google's Terms of Service</a>.</p>



<p style="margin-top:0;margin-bottom:var(--wp--preset--spacing--x-small)">By using our website, you consent to the use of cookies and the collection of data by Google reCAPTCHA as described above.</p>



<h2 class="wp-block-heading" style="margin-top:var(--wp--preset--spacing--xxx-small);margin-bottom:var(--wp--preset--spacing--xxx-small)">Embedded content from other websites</h2>



<p style="margin-top:0;margin-bottom:var(--wp--preset--spacing--x-small)">Entries on this website may use embedded content (e.g. videos, images, articles, etc.) from external sources. Embedded content from external sources behaves exactly as if you had visited another website.</p>



<p style="margin-top:0;margin-bottom:var(--wp--preset--spacing--x-small)">These sites may collect data about visitors, use cookies or third-party tracking code, monitor user behaviour in relation to embedded content if we have an account and are logged in to the site.</p>



<h2 class="wp-block-heading" style="margin-top:var(--wp--preset--spacing--xxx-small);margin-bottom:var(--wp--preset--spacing--xxx-small)">Who we share user data with</h2>



<p style="margin-top:0;margin-bottom:var(--wp--preset--spacing--x-small)">If you request a password reset, your IP address will be included in the reset email.</p>



<h2 class="wp-block-heading" style="margin-top:var(--wp--preset--spacing--xxx-small);margin-bottom:var(--wp--preset--spacing--xxx-small)">How long we keep your personal data</h2>



<p style="margin-top:0;margin-bottom:var(--wp--preset--spacing--x-small)">When you post a comment, the comment and its metadata remain in the system for an indefinite period of time. This is to ensure that all subsequent posts are known and approved by us, i.e. they are not added to the list of posts to be moderated.</p>



<p style="margin-top:0;margin-bottom:var(--wp--preset--spacing--x-small)">Personal data of users registered on the website (if any) will also be stored in their user profile. All users can view, edit or delete their personal information at any time (except that they cannot change their own username). Website administrators can also view and edit this information.</p>



<h2 class="wp-block-heading" style="margin-top:var(--wp--preset--spacing--xxx-small);margin-bottom:var(--wp--preset--spacing--xxx-small)">What rights do users have in relation to their own data?</h2>



<p style="margin-top:0;margin-bottom:var(--wp--preset--spacing--x-small)">When registering an account or posting a comment on the website, you may be asked to send us your personal data in an export file containing any data that you have previously provided to us. You may also request that any personal data previously provided by you be deleted. This does not apply to data that we are obliged to keep for administrative, legal or security reasons.</p>



<h2 class="wp-block-heading" style="margin-top:var(--wp--preset--spacing--xxx-small);margin-bottom:var(--wp--preset--spacing--xxx-small)">Where is the data sent to?</h2>



<p style="margin-top:0;margin-bottom:var(--wp--preset--spacing--x-small)">Posts and data submitted by visitors may be checked by automated spam filtering services, including Google reCAPTCHA. <a href="https://www.google.com/recaptcha/about/" target="_blank" rel="noopener noreferrer nofollow">Google reCAPTCHA</a> ellenőrizhetik.</p>
</div></div>

<p>Kik vagyunk Alapítványunk adatai Célok és tevékenységek Az alapítvány támogatja a felsőfokú kereskedelmi oktatás fejlesztését, valamint tudományos kutatást, oktatást és kiadói tevékenységet végez. Működés és nyilvánosság Az alapítvány működése nyilvános. Az éves beszámoló és közhasznúsági jelentés megtekinthető.A Kurátor: Dr. Kozár László, aki az alapítvány vagyonát kezeli és a működését irányítja. Összeférhetetlenség Vezető tisztségviselő csak büntetlen [&hellip;]</p>

Kik vagyunk Alapítványunk adatai Célok és tevékenységek Az alapítvány támogatja a felsőfokú kereskedelmi oktatás fejlesztését, valamint tudományos kutatást, oktatást és kiadói tevékenységet végez. Működés és nyilvánosság Az alapítvány működése nyilvános. Az éves beszámoló és közhasznúsági jelentés megtekinthető.A Kurátor: Dr. Kozár László, aki az alapítvány vagyonát kezeli és a működését irányítja. Összeférhetetlenség Vezető tisztségviselő csak büntetlen&hellip;
